alse
Let i = 149720 - -155997. Is i prime?
True
Let c be 2 - (-3 - 5/(-2))*-4. Suppose c = -2*y - 3*y - 90. Is 10483/6 + 3/y a prime number?
True
Let q be (2 + 1 - 2) + 731328/24. Suppose 6480 = r - q. Is r prime?
False
Let v = -166 + 182. Is (-366)/24*5/((-10)/v) composite?
True
Suppose 39*l + 2977 - 192712 = 0. Is 2*(-8 - (-5 + -1)) + l a prime number?
True
Suppose 3*k + v - 5*v - 14324 = 0, 0 = -5*k - 2*v + 23882. Suppose 132 - k = -3*t. Let c = -842 + t. Is c a prime number?
False
Suppose 0 = -3*n - 0 + 6. Suppose 0 = -b + 3*k + 517, b + 2*b + n*k - 1529 = 0. Is b a composite number?
True
Suppose 0 = -5*h - 3*c + 1, 1 = 4*h - 2*c - 13. Suppose -h*b + 3*j + 13 = -3, 0 = -5*b - 3*j - 2. Suppose -4*k + 5998 = -b*k. Is k a prime number?
True
Is 64018528/214 + -6 + 3 prime?
False
Let q(j) = -j**3 - 19*j**2 - 30*j + 49. Let m = -97 - -77. Is q(m) a prime number?
True
Let t be (-3)/(-6)*(8 - (3 + -3)). Suppose -109 = -t*x + 175. Is x a composite number?
False
Suppose 81*z + 9650 = 83*z. Let f = -2843 + z. Is f a prime number?
False
Suppose -14*j = -10*j + 2328. Let w = j - 870. Let k = w + 4157. Is k composite?
True
Suppose -320 - 8 = -4*i. Let n be (-38)/247 - i/(-26). Is 1/n - (-2190)/18 a prime number?
False
Let o(q) be the first derivative of -q**3/3 + 9*q**2/2 - q - 13. Let a be o(9). Is ((-34)/a)/((-6)/(-21)) composite?
True
Suppose -59*y - 208609 = -3*y - 6254985. Is y composite?
False
Let q(w) be the third derivative of -w**4/12 + 2477*w**3/6 + 48*w**2. Is q(0) composite?
False
Let w(h) = 25647*h**3 + 6*h**2 - 4. Is w(1) prime?
False
Let a(j) = -6*j + 1951. Let c be a(0). Suppose -6*k - c + 33733 = 0. Is k composite?
False
Suppose -3*h = -4349 - 8215. Suppose -r - h = -i, -1174 = 3*i - 5*r - 13740. Is i a composite number?
True
Suppose -2*h = 8, -3*h + 1160 - 23097 = -5*r. Is r a composite number?
True
Suppose -20 = 5*x, -s + 5*x - x = 1783. Let c = 3450 + s. Is c a composite number?
True
Let p = -8333 - -178452. Is p a prime number?
False
Suppose q + 0*t - 89119 = -5*t, 5*t = -4*q + 356566. Is q a prime number?
False
Is -19563*39/27*(-3 + 0) prime?
False
Let l = 42292 + 7117. Is l prime?
True
Let d = 14133 + -4612. Is d a prime number?
True
Let p(y) = y + 8. Let g be p(-4). Suppose -2749 = -15*o - 1009. Suppose -g = -4*s, o = d - 5*s - 58. Is d prime?
True
Suppose -32*v + 165 + 987 = 0. Suppose -25*g + v*g - 27478 = 0. Is g composite?
True
Let d be (-15)/40 + (-35)/(-8). Suppose d*n + 6*n = 24590. Is n a composite number?
False
Suppose 0 = 2*c - a + 5, -4*a - 12 = c + 4. Let d be (c/6 + 1)*(-1 - -1). Suppose d = 2*s + 4*u - 58, 3*s + 0*u - 114 = 3*u. Is s a prime number?
False
Let u be -332*25 - (-3 - -1). Let i = u + 20485. Suppose -9597 - i = -8*n. Is n a composite number?
True
Let o = 557206 + -312489. Is o a prime number?
False
Let w(f) be the second derivative of 241*f**4/12 - 5*f**3/6 + 17*f**2/2 - 108*f. Is w(6) a composite number?
False
Suppose -24*k - 34*k = -8*k - 2116050. Is k a prime number?
False
Suppose 0 = 8*n - 110085 + 24733. Suppose 2*x - n = -5*c, -4*x - 2*c + 16031 = -x. Is x prime?
True
Suppose 4*t + 38 = 2*b, -t = -2*b - 3*t + 26. Suppose 0 = -5*m - o + b, 4*o - 9 = -3*m + o. Is 515 - (-8 + (m - -1)) composite?
True
Suppose -6*n - 1 = q - 7*n, -q = -4*n - 2. Is -5079*q/(-12)*-6 a prime number?
False
Suppose -t - 24 = 4*w, 2*t - 16 = t + 4*w. Let l be 22980/9 + -2*t/(-24). Let c = l - 1560. Is c prime?
False
Let u(o) = 5*o + 55. Suppose 0 = 5*n + 30 + 25. Let m be u(n). Suppose m*q - k + 5870 = 2*q, 14677 = 5*q + 3*k. Is q prime?
False
Let l(u) = 592*u**2 - 5*u + 19. Let c be l(3). Suppose -3*y = 5*q - 7588, -4*q - 2265 = -3*y + c. Is y prime?
True
Let r be 1/((-7)/(-2)) - 4/14. Let j be r - 0/(4/10*5). Suppose j*c - 2*c + f = -2457, 2*f - 1241 = -c. Is c composite?
False
Let g = 903946 + -572573. Is g a prime number?
False
Suppose 0 = -3*u - 2*u - 3*b + 34, 5*u + 4*b - 37 = 0. Suppose 2*s = 3*n - 1552, -4047 = 4*s - u*n - 943. Let d = s + 1423. Is d a composite number?
False
Let d = -91 - -94. Suppose d*v - 2*v = 1733. Let f = v + -247. Is f a prime number?
False
Suppose -39*g + 34*g - 2*x = -342251, x - 205350 = -3*g. Is g a prime number?
True
Suppose 4*v + 9680 = 2*w - 69382, -3*w - 2*v = -118633. Is w composite?
False
Suppose 20*k - 1202269 = -506729. Is k prime?
False
Let p(v) = -5*v**3 - 25*v**2 + 11. Let k(b) = -b**3 - b**2 - b. Let z(d) = -4*k(d) + p(d). Is z(-22) composite?
True
Let y = -5 - 9. Let v = -8 - y. Suppose -4*b + 1044 = 4*n, -v*b = -n - 2*b + 271. Is n composite?
False
Let i = 6116 + 10394. Suppose 2*z - 2934 - 3670 = -5*p, -5*z = -p - i. Suppose -12*l + z = l. Is l a composite number?
True
Let b = -4213 - -1302. Let a be 230*(18 + (-3)/(-3)). Let d = a + b. Is d composite?
False
Let a(o) = 20*o**2 + 4*o - 8. Let i be a(-7). Suppose 472 = -2*j + t + 4*t, 4*j + 5*t + i = 0. Let u = 145 - j. Is u prime?
False
Let l = -3506 - -60237. Is l prime?
True
Let h be (-8 - (-30)/10) + 110/(-2). Let u(w) = 31*w - 4. Let s be u(-3). Let y = h - s. Is y prime?
True
Let a = -418394 + 650193. Is a composite?
False
Suppose d - 3*y = 1994189, -3*d - 11*y = -12*y - 5982503. Is d a prime number?
False
Let u = 385047 + -250246. Is u composite?
True
Let w(m) = m**2 - 9. Let t be w(-9). Suppose -t = 10*n - 14*n. Is 23280/n + 2/12*-2 prime?
False
Let r(w) = 11*w**2 + 36*w. Let u be r(-3). Let v = 10 + -2. Is -4*(18/u + (-1114)/v) a prime number?
False
Is 9/18*-12 + 3 + (-3 - -253475) prime?
True
Suppose 3*x = b - 15910, -2*b - 2*x = 3*b - 79567. Is b composite?
False
Suppose 0 = u + 3 - 4. Let a be -7 + 11 + u*146. Suppose -2*r + 832 = -a. Is r a composite number?
False
Let x = 9368 - 6229. Let t be (-5688)/7 - (-5)/((-105)/(-12)). Let c = t + x. Is c a prime number?
False
Suppose -18 = 14*l - 17*l. Let q be (-318)/(-9) - (-4)/l. Suppose 0 = q*c - 33*c - 1923. Is c composite?
False
Is (-39)/(-5*(-36)/(-543540)) prime?
False
Is (254345 - (2 + 0))*(-100)/(-300) composite?
True
Suppose 2*h - 5*b = -6 - 1, 2*h - b - 5 = 0. Suppose 22802 = h*j + 9*j. Is j a composite number?
True
Let s(h) = 38190*h**2 - 7*h - 7. Is s(-2) composite?
False
Let s(g) = 2*g**3 - 29*g**2 + 30*g + 4. Let q be s(13). Let j be (372 - 0)/2 + 1. Let a = j + q. Is a composite?
True
Let g(y) = -y**3 - 14*y**2 + 51*y. Let l be g(-17). Suppose l = -160*t + 154*t + 60330. Is t prime?
False
Suppose -5*u = -5*f - 360, 2*u - 4*f + 11 - 151 = 0. Is 1 - -19*u*2 prime?
False
Let v(r) = 17185*r**3 - 83*r**2 + 251*r + 2. Is v(3) a composite number?
False
Let s = -696 + 3111. Let i = s + -704. Is i a prime number?
False
Let o = -526 + 1545. Let t = o + -400. Suppose 3*p - 4*p - 2*y + t = 0, -3*p + y = -1836. Is p composite?
False
Let n(z) = -114*z**2 - 13*z + 156. Let a be n(9). Let l = a - -29156. Is l a prime number?
True
Suppose 8*y - 385564 = 367980. Is y prime?
False
Let d(g) = 333*g**2 + g + 3. Let j be d(-4). Let t be 720/150 + 2/10. Suppose -3*x = -t*n - 5287, -3*x - n - 4*n = -j. Is x a prime number?
False
Let z be 243/15 + (87/15 - 6). Suppose -3*a + z*a = 663. Is a prime?
False
Suppose 7*b + o + 81151 = 9*b, 2*b + 4*o - 81166 = 0. Is b prime?
True
Let y = -555 + 8510. Suppose -4*x + x + 2*z = -y, z + 2651 = x. Is x a prime number?
False
Suppose 6*a = 69 - 39. Suppose -6*j + 1330 = -a*j - 3*f, 1336 = j + 3*f. Is j prime?
False
Suppose 26*g - 29*g - 5*c = -863348, -4*g = 4*c - 1151144. Is g a prime number?
False
Let n(v) = 1686*v + 23. Let w = -206 - -207. Is n(w) a composite number?
False
Let z = 2446665 + -1723952. Is z prime?
True
Suppose 2*p + 16 = 5*u, -u = -2*p - 2*p + 4. Suppose -y - 3551 = -4*o, 1780 = p*o - y - y. Is o a composite number?
False
Let b(u) = -352*u**3 - 5*u**2 - 21*u - 23. Is b(-5) prime?
False
Suppose 387*c = 52*c + 169291245. Is c prime?
False
Let s(t) = 2*t - 10. Let f be s(4). Let m be -1 + (-2 - 67142/f). Is m/24 + 1/3 a prime number?
True
Suppose 19*y - 24*y + j + 151359 = 0, 30267 = y + j. Is y prime?
True
Suppose -4*h - 4*l = -16, 2*l + 2*l + 2 = 2*h. Suppose h*a = -16 + 1, 5*d + a + 5 = 0. Suppose -4*b + 872 = -d*b + 2*s, -b - 5*s + 218 = 0. Is b prime?
False
Suppose -5*d - 3 - 27 = 0. Let i be ((-7432)/d)/((-4)/(-12)) + -2. Suppose -2*p + 9 = p, -5*p = -3*k + i. Is k prime?
False
Suppose 5*t = 2*f - f + 1625, -4*t + 127